 prime factors of n(-1)?
2, 5
Let c = -12 - -27. List the prime factors of ((-5)/c)/(2/(-198)).
3, 11
Suppose -3*o + 7*o = -5*y + 180, -y = -3*o + 116. What are the prime factors of o?
2, 5
Let p(h) = h**3 + 9*h**2 + 6*h - 11. Let t be p(-8). Let j(r) = -r - 7. Let q be j(t). What are the prime factors of (22/(-8))/(3/q)?
11
Let v(r) = -r**2 + r - 1. Let c be v(1). Let m = 11 + c. Let p = 20 - m. List the prime factors of p.
2, 5
Suppose 2*t = 3*z - 21, -5*z - t = -30 + 8. Suppose -4*r = 3*m + 1, -z*m - 2 = 3*r + 7. Suppose -4 = -r*f - 0. List the prime factors of f.
2
What are the prime factors of ((-440)/50)/(2/(-5))?
2, 11
What are the prime factors of (-2*(-1)/(-5))/(1/(-755))?
2, 151
Let g(l) = l**3 - 3*l - 1. Let t be g(-2). Let y = -1 + t. Let a = y + 18. List the prime factors of a.
2, 7
Let t = 10 + -8. Let g = t - 0. List the prime factors of g.
2
Let u be -1 + 0 + (-1)/(-1). Let l(c) = 0 + u + 6*c. What are the prime factors of l(1)?
2, 3
Suppose -5*d = 3*r - 614, r + 3*d + d = 207. What are the prime factors of r?
7, 29
Suppose -1 = -2*k + k. Suppose 5*r + 18 = 8*r. What are the prime factors of k*-25*r/(-10)?
3, 5
Suppose -2 = 5*b + 53. Let t(d) = -2*d - 7. List the prime factors of t(b).
3, 5
Let i be (-2)/1*13/(-2). Suppose 3*x = 3*t - 3, 2*x = -5*t + 2*t + i. What are the prime factors of t?
3
Let h(v) = -44*v + 5. List the prime factors of h(-6).
269
Let s = 11 - 6. Let u(i) = i**2 + 3*i - 4. Let j be u(s). Suppose -c + 3*c = 4*q - 24, -j = -5*q + c. List the prime factors of q.
2
Let b be (-3 + (-105)/(-6))*10. Suppose 5*a = -0*a + b. Suppose a = 5*d + 3*i, -d = -5*d + 3*i + 7. What are the prime factors of d?
2
What are the prime factors of ((-6)/18 - 1322/(-6)) + -3?
7, 31
What are the prime factors of (-3 - -9)/(-2) + 6?
3
Let u(m) = -m**2 - 11*m - 7. List the prime factors of u(-7).
3, 7
List the prime factors of (-712)/6*(-7)/((-28)/(-12)).
2, 89
Suppose 2*c - 4*u = 2, -4*c - c - 5*u = -35. Let r(g) = 2*g**2 - 2*g + 5. List the prime factors of r(c).
3, 5
Suppose 3*l = 2*l - 3. List the prime factors of 22 + 0 + l + 2.
3, 7
List the prime factors of (-18)/(-12)*3*20.
2, 3, 5
Let q(f) = -f + 4. Let w be q(5). Let h be 7/28 - w/(-4). Suppose h = -3*m - 2*n + 24, -m + 4*m = 5*n + 24. What are the prime factors of m?
2
Suppose -i = -6*i + 75. Suppose -i = 3*z - f - 61, 0 = -5*z + 5*f + 90. List the prime factors of z.
2, 7
Let n = 60 - 40. List the prime factors of n.
2, 5
Let h be 0 - (-1)/(2/4). Suppose 0 = b + h*b - 6. Suppose 3*c + b*s = 6*s + 14, -5*c - 5*s + 70 = 0. What are the prime factors of c?
2, 5
What are the prime factors of 2/(-8) - 388/(-16)?
2, 3
Suppose 3*j + 2*v = 79, 3*v + 70 = j + j. List the prime factors of j.
29
Let k(y) = -y**3 + y**2 + 26. Let l(f) = 1. Let b(s) = k(s) - 3*l(s). What are the prime factors of b(0)?
23
Let d(a) = a + 3. Let y be d(-11). Let o = -6 - y. What are the prime factors of o?
2
Let x = 6 - 1. Suppose 6*j - 4*j + 12 = x*i, 4*j = -4*i + 4. Suppose -i*p = -0*p - 24. List the prime factors of p.
2, 3
Let z = 48 + -16. What are the prime factors of z?
2
Suppose -2*o + 3*p + 146 = 0, -3*o = -0*o - 4*p - 221. What are the prime factors of o?
79
Let k = -61 + 41. Let n = -6 - k. What are the prime factors of n?
2, 7
Suppose -4*o = 1 - 137. List the prime factors of o.
2, 17
Let t(n) = n**3 - 7*n**2 - 3*n + 10. Let z be t(7). Let s be (-1)/5 + z/(-5). Suppose 33 = 7*q - 3*q - c, 2*c = s*q - 12. What are the prime factors of q?
3
List the prime factors of (-4)/22 + 1698/22.
7, 11
Suppose 4*y - 2*y = 0. Suppose y = 3*h - h - 24. Suppose 2*c - h = 2*b, -4*c + 2*b + 28 = 10. What are the prime factors of c?
3
Let d(q) = -93*q + 1. Let v be d(-2). Let o = -107 + v. Suppose 0 = -5*l - 0*l + o. What are the prime factors of l?
2
Suppose 2*s = 3*b + 22, 3*b = 3*s - 0*s - 21. Let t = 35 + b. What are the prime factors of t?
3
Let w = -5 - -11. List the prime factors of w.
2, 3
Let r = 58 + -33. List the prime factors of r.
5
List the prime factors of 316 - (4/(-22) - (-22)/121).
2, 79
Suppose -h - 4*h - 5*i = 30, 4*h - 1 = i. Let v(f) = -5*f + 1. What are the prime factors of v(h)?
2, 3
Suppose 5*o - 20 = -5*i, -o - i = i - 5. Let v = 5 - o. What are the prime factors of (2 - -9)/(1/v)?
2, 11
Let n(g) = -32*g**3 + 1. Let x be n(-1). Suppose -x = 5*q + 12. What are the prime factors of ((-3)/q)/(1/33)?
11
Suppose -2*c = -2*a + 42 + 110, 2*a = -c + 155. What are the prime factors of a?
7, 11
Let n(i) = i**3 + i**2 - 3*i - 13. What are the prime factors of n(5)?
2, 61
Suppose -2*t - t = 0. Suppose g = -g + c - 18, -3*g - 2*c - 20 = t. Let u = g - -16. What are the prime factors of u?
2
Let x(y) = y**2 + 3*y - 10. Let b be x(-5). Suppose 4*f + 3*a - 84 - 4 = 0, b = f - 2*a - 11. What are the prime factors of f?
19
Let s = -294 - -462. List the prime factors of s.
2, 3, 7
Suppose 4*j + 11 = 3*g, -9*g = -6*g - 2*j - 13. List the prime factors of g.
5
Let t(v) be the second derivative of -v**3/3 - 5*v**2/2 - 2*v. Let f be t(4). Let c = 26 + f. List the prime factors of c.
13
Let s be (58/(-4))/(4/(-8)). Let h = 41 - s. List the prime factors of h.
2, 3
Suppose 8*o - 20 = 3*o. Let p = o + 1. Suppose 4*y = r - 5*r + 80, 2*y - 12 = p*r. List the prime factors of y.
2
Suppose 5*k = 4*p + 4*k - 61, 3*k = p - 18. What are the prime factors of (-5)/(p/(-108)) - 3?
3, 11
Let x = 13 + 53. What are the prime factors of x?
2, 3, 11
Let a(u) = u. Let o(f) = f**3 + 2*f**2 + 4*f. Let x(w) = 3*a(w) - o(w). List the prime factors of x(-2).
2
Let b(l) = -2*l - 8. Let t be b(8). Let h = 105 + -71. Let c = t + h. What are the prime factors of c?
2, 5
Suppose -3*v + 52 = -v. List the prime factors of v.
2, 13
Let k = 70 - 50. List the prime factors of k.
2, 5
Suppose m - 9 = -5*u + 34, 5*m - 4*u - 128 = 0. What are the prime factors of m?
2, 7
Let q(p) = -p + 6. What are the prime factors of q(-7)?
13
Suppose -g + 40 = 3*g. What are the prime factors of g?
2, 5
Let t be (-3)/((-3)/2 - -3). List the prime factors of 1/(1*(-1)/t).
2
Suppose 3*z - 336 = -0*z. List the prime factors of z.
2, 7
Suppose 3*t - 2*l - 3 = 0, 4*t - l + 1 = -0*t. Let i = 6 + -4. What are the prime factors of -2*t/i*3?
3
Let z be (-2 + 2)*2/(-4). Let r(t) = -t**2 + 4*t + 7. Let y be r(5). Suppose z*l - y*l = -16. What are the prime factors of l?
2
Let p be -9*(5/(-3))/5. Suppose 5*m = 2*m - i + 201, -m = -p*i - 77. Suppose -3*o + 45 + 17 = 5*k, 3*o + m = 5*k. What are the prime factors of k?
13
Let q = -9 - -13. Suppose x = -q*w + 18, x - 4*w + 46 = 4*x. Let g = x + -7. What are the prime factors of g?
7
Let i = 1 - 3. Let d = -6 - i. List the prime factors of d + 16 - (-1 - -1).
2, 3
Let s be ((-9)/(-12))/(3/72). Suppose -s = -k - 5*k. List the prime factors of k.
3
Suppose 40 + 14 = 3*b. Suppose -b = 2*d - 52. What are the prime factors of d?
17
Suppose 2*t = x + 6 + 41, -t - x = -28. List the prime factors of t.
5
Let h(a) = 10 - 10 + 2*a + a**2. Let r = -15 + 10. What are the prime factors of h(r)?
3, 5
Let r = 12 + -19. Let i = -1 - r. Let f = 21 - i. What are the prime factors of f?
3, 5
Let p(z) = 2*z + 5 - 5 - 7 - 4*z. Let v be p(-5). Suppose -2*f - v = g, -5*g - 2*f = -3*f - 18. List the prime factors of g.
3
List the prime factors of ((-4)/(-12))/((-3)/(-918)).
2, 3, 17
Suppose -7*f + 6 = -5*f. Suppose -19 = -f*n + 2. Suppose 32 = 2*m - 3*a, n*m - 64 = 3*m - a. List the prime factors of m.
2
Suppose 4*r - 95 = 73. List the prime factors of r.
2, 3, 7
What are the prime factors of 1*4*199/4?
199
Let u(q) be the first derivative of -q**4/4 - 4*q**3/3 - 5*q**2/2 - 6*q + 2. List the prime factors of u(-4).
2, 7
Let z(j) = 2*j**3 + 2*j**2 + 2*j + 3. Let k = -4 - -2. Let n be z(k). Let a = n + 15. List the prime factors of a.
2, 3
Let d(b) = b. Let f(y) = 3 + 3*y - 2 - 3 + 3. Let w(m) = 5*d(m) - 3*f(m). List the prime factors of w(-4).
13
Let k = 58 + 144. What are the prime factors of k?
2, 101
Let i(o) = -3*o. Let n be i(-1). Suppose -n*r + 26 - 5 = 0. What are the prime factors of r?
7
Suppose -c = -102 - 60. List the prime factors of c.
2, 3
Suppose g = -3*g. Suppose 0 = -g*s - s + 11. List the prime factors of s.
11
Suppose -5*c - 3*y + 96 = 20, -c + 2*y = -10. Let a = -4 - -9. Suppose -4*w - 5*h = -17, -a*w - 2*h = -3 - c. What are t